remainder when 114 is divided by -3 + 36 - (0 + r).
27
Suppose -4*l + 7 = 79. Let q be (-7)/(-9) - 4/l. Suppose 0 = -b + 27 - q. Calculate the remainder when b is divided by 7.
5
Let q = -19 - -48. What is the remainder when 10/(-4)*3/((-90)/672) is divided by q?
27
Suppose 4*i - 3*i + x - 31 = 0, -29 = -i - 3*x. Suppose -2*s + 5*m = -25, 5*s - 4*m - i = 22. What is the remainder when 27 is divided by s?
7
Let j(y) be the third derivative of y**5/60 - y**4/4 - 4*y**3/3 - 6*y**2. What is the remainder when 28 is divided by j(8)?
4
Calculate the remainder when 181 is divided by -4*(4 + ((-385)/14)/1).
87
Let i(k) = -2*k**2 + 12*k - 14. Let z(h) = 2*h**2 + 5*h + 1. Let o be z(-3). Let y = -9 + 13. What is the remainder when y is divided by i(o)?
0
Let b = 304 + -201. Suppose -99*w - 204 = -b*w. Calculate the remainder when w is divided by 18.
15
Suppose b - 5 = -4*d, 0 = d + 2*d - 4*b - 18. Calculate the remainder when (-10)/75*-5*15 is divided by 2 + d + -2 + 4.
4
Let y be (-3)/((27/(-6))/(-3)). Suppose 5*j - 4*l + 5 = 0, 5*l - 10 = 7*j - 2*j. Calculate the remainder when 158/14 - y/(-7) is divided by j.
2
Let n(v) = 11*v + 30. Let h(d) = -5*d - 15. Let b(a) = -9*h(a) - 4*n(a). What is the remainder when 65 is divided by b(8)?
19
Suppose -118 + 36 = -k. Suppose -2*b + 39 + k = 3*x, -b = -5*x + 180. What is the remainder when x is divided by 11?
4
Suppose -587*f - 96 = -590*f. Calculate the remainder when 118 is divided by f.
22
Let z = 17 - -52. Calculate the remainder when z is divided by 1/2 + (-426)/(-12).
33
Suppose -4*b = -3*b, -3*b = -5*a + 75. Let y(u) = u**2 - 2*u + 8. Calculate the remainder when y(7) is divided by a.
13
Let b(v) = -v**2 + 4*v + 7. Let t be 9/6*-2 - -7. Calculate the remainder when b(t) is divided by 0 + 0 + 4 + -2.
1
Suppose -26 = u + 18. Let q = 81 + u. Let k = -15 + 34. Calculate the remainder when q is divided by k.
18
Let d = -14 - -23. Suppose 13*s - 14*s + 210 = 0. Suppose -w = 3*o - 6*w - 107, -5*o = -2*w - s. Calculate the remainder when o is divided by d.
8
Suppose -5*a + l - 38 = 51, -a - 23 = 5*l. Let h = a + 36. What is the remainder when h is divided by 10?
8
Let h(g) be the first derivative of -g**2 + 1/3*g**3 + 2*g + 1. Calculate the remainder when h(4) is divided by 3.
1
Suppose -9*k - 101 = -1172. What is the remainder when k is divided by 15?
14
Let l = 0 - -1. Suppose -4*m = -4*b + 184, m + 0 = -l. Suppose 5 + b = 5*y. What is the remainder when 27 is divided by y?
7
What is the remainder when 2/(3*(-7)/(-15771)) is divided by 94?
92
Let p be 3/(-6)*(36 + 0). Let a = p + 34. What is the remainder when 46 is divided by a?
14
Let q be (41/4)/((-3)/12). Let y = q - -46. What is the remainder when 12 is divided by y?
2
Calculate the remainder when 57 is divided by (-2)/5 + (-7 - 522/(-30)).
7
Suppose -3*d + 27 + 123 = -3*z, 4*z = 20. Suppose -120*t = -104*t - 224. What is the remainder when d is divided by t?
13
Suppose 50 = -4*u + 5*u. What is the remainder when 138 is divided by u?
38
Suppose 0 = -4*c - n + 528, -166 - 76 = -2*c + 5*n. What is the remainder when c is divided by 33?
32
Let q(g) be the third derivative of -7*g**5/30 - g**3/6 + 7*g**2. Let f be q(-1). What is the remainder when 59 is divided by (-9)/f*(30 + -5)?
14
Let i = 66 + -55. What is the remainder when 151 is divided by i?
8
Calculate the remainder when 209 is divided by 25*((-72)/20 + 5).
34
Suppose -2*k + s - 2*s + 24 = 0, s - 35 = -3*k. Let c = k + 18. Let x = 26 - 10. Calculate the remainder when c is divided by x.
13
Let q(n) = 6*n**2 + 19*n - 18. Let w be q(-7). Let b = w + -67. What is the remainder when b is divided by 13?
11
Suppose 0*z - 876 = -4*z. Let g = z - 156. Calculate the remainder when g is divided by (-2709)/(-81) + (-32)/72.
30
Let v = 34 - 19. Let r = 3 + -6. Let b = r + v. Calculate the remainder when 23 is divided by b.
11
Let u(y) = y**2 + 6*y - 5. Let m be u(1). Suppose -8 + 14 = m*p. What is the remainder when 27 is divided by p?
0
Suppose k + 8 = 3*k. Let f(s) = -s + 41. Calculate the remainder when f(18) is divided by k.
3
Suppose 2*f = -3*w + 33, 0 = 4*w - 9*f + 6*f - 61. What is the remainder when 47 is divided by w?
8
Let p = -22 + 31. Let k(h) = 2*h**2 + 11*h + 3. Let u = 9 - 16. What is the remainder when k(u) is divided by p?
6
Let t(z) = z**2 - 3*z - 47. What is the remainder when 28 - 13 - (-4 + 1)/(-1) is divided by t(-6)?
5
Let g = -95 + 98. Calculate the remainder when 25 is divided by g.
1
Let c be ((-12)/(-8))/((-2)/(-4)). Let w be -15*c/((-18)/16). Suppose -w = -5*d + 3*b - 2*b, -2*d - 5*b + 16 = 0. What is the remainder when 15 is divided by d?
7
Suppose 11*m - 12 = 12*m. Let a be (m/(-36))/(1/9). Suppose 206 = a*s + 53. Calculate the remainder when s is divided by 13.
12
Suppose -5*a - v - 20 - 6 = 0, 2*v = -4*a - 16. Let d(h) = 4*h + 15. Let f be d(a). Let z = 34 + f. What is the remainder when 74 is divided by z?
24
Let o(q) = -4*q + 12. Suppose -u + 4*u - 12 = 0. Let y be o(u). Calculate the remainder when 14 is divided by 10 - (-3 - y)*2.
6
Suppose 17 = i - 3*n - 54, 0 = 2*i + 4*n - 182. Calculate the remainder when i is divided by 75.
8
Suppose 2*u + 29 = r, 144*r = 142*r - 3*u + 93. Calculate the remainder when 44 is divided by r.
5
Suppose 2*r - 18 = 2*x, r + 3*x = -x + 34. What is the remainder when 35 is divided by r?
7
Suppose 2*t + 2*t + 8 = 0. Let s be (-5)/(-2 + (-2)/t). Suppose 4*m = 0, -r - 2*r + s*m = -51. Calculate the remainder when 66 is divided by r.
15
Suppose 5*x - 8 = a, 5 = -x + 4*a - 1. Let f(o) = 16*o - 3. Suppose l + d + 33 = 4*l, d = 4*l - 43. Calculate the remainder when f(x) is divided by l.
9
Suppose 5*y = 3*v - 43, 2*v - 4*y - 14 = 3*v. Calculate the remainder when 375 is divided by v.
3
What is the remainder when 112 is divided by (2/9)/((-7)/(-1071))?
10
Let a be ((-45)/(-9))/((-5)/(-6)). Let c(j) = 26*j + 6. What is the remainder when c(a) is divided by 41?
39
Let f(t) = 2*t**2 + 2*t - 1. Let v be f(-2). Let z = -2 - -2. What is the remainder when 25 + z/(6/v) is divided by 14?
11
Suppose b - 3*b + 64 = 0. What is the remainder when (27/15)/(78/4030) is divided by b?
29
Let d be 465/(-45) + (-1)/(-3). Calculate the remainder when 12 is divided by 8/d*(-60)/8.
0
Let u(x) = -4*x**3 - 13*x**2 - 18*x - 72. What is the remainder when u(-5) is divided by 28?
25
Suppose -27*x = 6*x - 990. What is the remainder when x is divided by 4?
2
What is the remainder when 75/((-14)/(-12) - 54/(-162)) is divided by 20?
10
Let b(d) = -d**3 - 8*d**2 - 7*d - 20. Suppose 0 = -0*m - 7*m - 63. Calculate the remainder when b(m) is divided by 42.
40
Calculate the remainder when 12 + ((-12)/(-30))/((-1)/(-10)) is divided by 9.
7
Suppose 0 = -2*f + 6*f - 32. Let w = f + 6. Calculate the remainder when 41 is divided by w.
13
Let w = -58 + 63. Calculate the remainder when 78 is divided by 30/(-25) - -1 - (-136)/w.
24
Let k = 22 + -6. Suppose -k*z = -19*z + 138. What is the remainder when z is divided by 7?
4
Let w(s) = -39*s - 9 + 3 + 41*s. Let u be w(4). Suppose r + 15 = m, u*r = 4*m - 43 - 13. Calculate the remainder when 25 is divided by m.
12
Suppose -4*r - 11 = -3*w + 2*w, 5*w - 10 = 5*r. Let d(i) = i**2 - i - 9. What is the remainder when 18 is divided by d(r)?
0
Suppose r = -4*h + 7*h + 59, -3*h = 0. Calculate the remainder when r is divided by 16*1 + -4 + 3.
14
Let h(f) = 1 - 4 + 5 - f - 5*f + 9*f**2. Calculate the remainder when h(2) is divided by 14.
12
Suppose 4*q - 3*l + 7 = 27, 0 = 2*q - 3*l - 10. Let z(d) = -d**3 + 2 - q*d**2 - 2*d - 3 - 3*d**3 + 6*d**3. Calculate the remainder when z(5) is divided by 23.
22
Suppose -24 = 2*g - 6*g. Let j(n) = n**2 - 5*n + 11. Let r = 80 + -30. Calculate the remainder when r is divided by j(g).
16
Let t(c) = -c**2 + c + 14. Let m(i) = -2*i + 16. Let s be m(8). What is the remainder when 55 is divided by t(s)?
13
Suppose 2*l + 10 = 0, -2*l + 8 = 5*g - 7. Calculate the remainder when 31 is divided by g.
1
Let m be -1 - 1/2*-10. Suppose 0 = -4*h - 0*h - m. Calculate the remainder when 31 is divided by (0 - -4)*(-2)/h.
7
Let m be (-2 - -72) + 0/(-1). Let p be 1/(-3)*0 - 47. Let g = p + m. Calculate the remainder when g is divided by 9.
5
Let g = -3 - -10. Let a(d) be the first derivative of -d**2/2 - 2*d - 1. What is the remainder whe